nds digit of 782753?
2
What is the thousands digit of 2933231?
3
What is the ten thousands digit of 260769?
6
What is the hundreds digit of 5144353?
3
What is the hundred thousands digit of 230842?
2
What is the ten thousands digit of 83546?
8
What is the tens digit of 349692?
9
What is the millions digit of 1661983?
1
What is the hundred thousands digit of 6881157?
8
What is the thousands digit of 19372?
9
What is the ten thousands digit of 2989225?
8
What is the ten millions digit of 21922295?
2
What is the hundreds digit of 3992961?
9
What is the tens digit of 481472?
7
What is the ten thousands digit of 2566477?
6
What is the ten thousands digit of 786820?
8
What is the ten thousands digit of 330986?
3
What is the tens digit of 6563346?
4
What is the hundreds digit of 77123?
1
What is the hundreds digit of 3550589?
5
What is the hundred thousands digit of 2462741?
4
What is the thousands digit of 3461610?
1
What is the thousands digit of 1590322?
0
What is the tens digit of 8405913?
1
What is the hundreds digit of 1121983?
9
What is the ten thousands digit of 292144?
9
What is the units digit of 6361549?
9
What is the tens digit of 8446837?
3
What is the tens digit of 4692182?
8
What is the millions digit of 3570252?
3
What is the hundred thousands digit of 4913994?
9
What is the hundred thousands digit of 1346377?
3
What is the ten thousands digit of 1404408?
0
What is the ten thousands digit of 21317756?
1
What is the units digit of 449045?
5
What is the thousands digit of 6362898?
2
What is the ten thousands digit of 52508?
5
What is the hundreds digit of 914890?
8
What is the ten thousands digit of 3414849?
1
What is the hundred thousands digit of 237749?
2
What is the ten thousands digit of 8076367?
7
What is the hundreds digit of 1184097?
0
What is the hundred thousands digit of 9105094?
1
What is the ten thousands digit of 860021?
6
What is the ten thousands digit of 9020879?
2
What is the hundred thousands digit of 723872?
7
What is the units digit of 84258?
8
What is the hundred thousands digit of 1667462?
6
What is the ten thousands digit of 131097?
3
What is the millions digit of 5389261?
5
What is the tens digit of 9220023?
2
What is the hundred thousands digit of 1655309?
6
What is the units digit of 141477?
7
What is the ten thousands digit of 476555?
7
What is the units digit of 244257?
7
What is the thousands digit of 691185?
1
What is the ten thousands digit of 82664?
8
What is the ten thousands digit of 46951?
4
What is the millions digit of 3011018?
3
What is the tens digit of 54346?
4
What is the hundreds digit of 12939136?
1
What is the units digit of 5286607?
7
What is the tens digit of 5346764?
6
What is the tens digit of 6536688?
8
What is the hundred thousands digit of 2978841?
9
What is the thousands digit of 314942?
4
What is the ten thousands digit of 309554?
0
What is the ten thousands digit of 76822?
7
What is the tens digit of 5427891?
9
What is the hundred thousands digit of 234248?
2
What is the ten thousands digit of 207750?
0
What is the thousands digit of 10818224?
8
What is the tens digit of 430288?
8
What is the hundreds digit of 7666507?
5
What is the ten millions digit of 26368247?
2
What is the tens digit of 6920016?
1
What is the ten thousands digit of 15481581?
8
What is the thousands digit of 25463962?
3
What is the hundreds digit of 264471?
4
What is the hundreds digit of 352531?
5
What is the thousands digit of 1295800?
5
What is the hundred thousands digit of 2955966?
9
What is the hundreds digit of 1053332?
3
What is the thousands digit of 2515992?
5
What is the thousands digit of 4408753?
8
What is the units digit of 2499516?
6
What is the units digit of 11968?
8
What is the hundred thousands digit of 228227?
2
What is the ten thousands digit of 104452?
0
What is the hundreds digit of 64143?
1
What is the thousands digit of 25824119?
4
What is the hundred thousands digit of 668557?
6
What is the tens digit of 8780439?
3
What is the hundred thousands digit of 413945?
4
What is the hundreds digit of 768898?
8
What is the hundreds digit of 10500993?
9
What is the ten thousands digit of 2052881?
5
What is the hundred thousands digit of 26606392?
6
What is the hundred thousands digit of 372212?
3
What is the ten thousands digit of 11230135?
3
What is the tens digit of 8924686?
8
What is the tens digit of 582553?
5
What is the millions digit of 2039306?
2
What is the millions digit of 1785085?
1
What is the hundred thousands digit of 283591?
2
What is the millions digit of 6483952?
6
What is the hundred thousands digit of 22308932?
3
What is the units digit of 52951?
1
What is the tens digit of 74619?
1
What is the hundred thousands digit of 190753?
1
What is the units digit of 654250?
0
What is the ten thousands digit of 22983499?
8
What is the thousands digit of 8929900?
9
What is the hundreds digit of 158836?
8
What is the tens digit of 671272?
7
What is the hundreds digit of 1590581?
5
What is the millions digit of 9592306?
9
What is the tens digit of 9315585?
8
What is the tens digit of 396257?
5
What is the units digit of 425788?
8
What is the ten millions digit of 10959436?
1
What is the millions digit of 25181117?
5
What is the millions digit of 13525424?
3
What is the ten thousands digit of 153594?
5
What is the tens digit of 7836269?
6
What is the hundred thousands digit of 7338148?
3
What is the units digit of 266728?
8
What is the ten thousands digit of 196937?
9
What is the ten millions digit of 12949382?
1
What is the ten thousands digit of 490212?
9
What is the ten millions digit of 28042232?
2
What is the tens digit of 180823?
2
What is the thousands digit of 3911726?
1
What is the ten thousands digit of 9117045?
1
What is the tens digit of 668193?
9
What is the hundreds digit of 8970793?
7
What is the ten thousands digit of 196713?
9
What is the hundred thousands digit of 693211?
6
What is the millions digit of 3146859?
3
What is the hundreds digit of 4987767?
7
What is the tens digit of 381822?
2
What is the units digit of 565454?
4
What is the thousands digit of 690277?
0
What is the tens digit of 765931?
3
What is the hundred thousands digit of 1283038?
2
What is the tens digit of 20479?
7
What is the tens digit of 2050297?
9
What is the units digit of 756?
6
What is the ten thousands digit of 1799086?
9
What is the tens digit of 260333?
3
What is the hundreds digit of 293650?
6
What is the hundreds digit of 1787996?
9
What is the ten thousands digit of 491327?
9
What is the thousands digit of 400640?
0
What is the hundred thousands digit of 4708378?
7
What is the thousands digit of 801895?
1
What is the hundreds digit of 22272040?
0
What is the ten thousands digit of 731679?
3
What is the units digit of 1471962?
2
What is the hundreds digit of 5742946?
9
What is the thousands digit of 815292?
5
What is the tens digit of 73984?
8
What is the hundred thousands digit of 239429?
2
What is the hundred thousands digit of 33088146?
0
What is the hundred thousands digit of 26673055?
6
What is the units digit of 43939?
9
What is the ten thousands digit of 6686161?
8
What is the millions digit of 1250342?
1
What is the thousands digit of 777323?
7
What is the ten thousands digit of 278232?
7
What is the ten thousands digit of 401364?
0
What is the hundred thousands digit of 1558792?
5
What is the units digit of 13152304?
4
What is the millions digit of 20239872?
0
What is the thousands digit of 360388?
0
What is the thousands digit of 10635000?
5
What is the units digit of 5811337?
7
What is the hundred thousands digit of 1204036?
2
What is the units digit of 13199506?
6
What is the thousands digit of 17536409?
6
What is the hundred thousands digit of 28687834?
6
What is the ten thousands digit of 8019959?
1
What is the thousands digit of 1573432?
3
What is the thousands digit of 1438612?
8
What is the units digit of 670617?
7
What is the ten thousands digit of 72674?
7
What is the units digit of 15734515?
5
What is the hundred thousands digit of 100719?
1
What is the hundreds digit of 7027629?
6
What is the tens digit of 4391364?
6
What is the ten thousands digit of 11529709?
2
What is the thousands digit of 2148540?
8
What is the hundreds digit of 318821?
8
What is the hundreds d